{"id":3435,"date":"2026-04-28T17:36:54","date_gmt":"2026-04-28T15:36:54","guid":{"rendered":"https:\/\/positivetransformation.world\/?page_id=3435"},"modified":"2026-04-28T17:45:09","modified_gmt":"2026-04-28T15:45:09","slug":"book","status":"publish","type":"page","link":"https:\/\/positivetransformation.world\/index.php\/book\/","title":{"rendered":"Book"},"content":{"rendered":"\n<p style=\"font-size:22px\"><strong><mark style=\"background-color:#0693e3\" class=\"has-inline-color has-white-color\">BOOK<\/mark><\/strong><\/p>\n\n\n\n<p class=\"has-black-color has-text-color has-link-color wp-elements-dbc885110e1dd944e564d6f20a4a97c3\">Positive Transformation .World souhaite partager des r\u00e9alisations effectu\u00e9es aupr\u00e8s de ses clients &#8211; partenaires.<\/p>\n\n\n\n<ul class=\"wp-block-list\">\n<li class=\"has-black-color has-text-color has-link-color wp-elements-3a25c24e9c64646dc7c6e67069e9c5ba\"><strong>Economie circulaire<\/strong> : gestion des d\u00e9chets.<\/li>\n\n\n\n<li class=\"has-black-color has-text-color has-link-color wp-elements-15089728eda8722db50682b8deeea75c\"><strong>Num\u00e9rique et communication responsable<\/strong> : formation d&rsquo;ing\u00e9nieur.<\/li>\n\n\n\n<li class=\"has-black-color has-text-color has-link-color wp-elements-c0a12bc45aaaa3c7a8bfe777c1eaa101\"><strong>Mobilit\u00e9 d\u00e9carbon\u00e9e et nautisme durable <\/strong>: transport \u00e0 la voile, r\u00e9emploi de mat\u00e9riaux, sensibilisation, chantiers.<\/li>\n\n\n\n<li class=\"has-black-color has-text-color has-link-color wp-elements-20a14321c608e4d095398304680b37f3\"><strong>Labellisation B Corp et strat\u00e9gie RSE<\/strong> : d\u00e9marches innovantes. <\/li>\n<\/ul>\n\n\n\n<p class=\"has-vivid-cyan-blue-color has-text-color has-link-color wp-elements-b043925896316502b196f4f603e9aadd\">\u00a0<img decoding=\"async\" width=\"30\" height=\"40\" class=\"wp-image-869\" style=\"width: 30px;\" src=\"https:\/\/positivetransformation.world\/wp-content\/uploads\/2022\/05\/Image9.jpg\" alt=\"\">D\u00e9couvrez notre <a href=\"https:\/\/positivetransformation.world\/wp-content\/uploads\/2026\/04\/Book-PT.W-MMM_2026.pdf\"><em>book PT.W<\/em><\/a><\/p>\n","protected":false},"excerpt":{"rendered":"<p>BOOK Positive Transformation .World souhaite partager des r\u00e9alisations effectu\u00e9es aupr\u00e8s de ses clients &#8211; partenaires. \u00a0D\u00e9couvrez notre book PT.W<\/p>\n","protected":false},"author":1,"featured_media":0,"parent":0,"menu_order":0,"comment_status":"closed","ping_status":"closed","template":"","meta":{"_themeisle_gutenberg_block_has_review":false,"footnotes":""},"class_list":["post-3435","page","type-page","status-publish","hentry"],"yoast_head":"<!-- This site is optimized with the Yoast SEO plugin v27.5 - https:\/\/yoast.com\/product\/yoast-seo-wordpress\/ -->\n<title>Book - Positive Transformation .World<\/title>\n<meta name=\"robots\" content=\"index, follow, max-snippet:-1, max-image-preview:large, max-video-preview:-1\" \/>\n<link rel=\"canonical\" href=\"https:\/\/positivetransformation.world\/index.php\/book\/\" \/>\n<meta property=\"og:locale\" content=\"fr_FR\" \/>\n<meta property=\"og:type\" content=\"article\" \/>\n<meta property=\"og:title\" content=\"Book - Positive Transformation .World\" \/>\n<meta property=\"og:description\" content=\"BOOK Positive Transformation .World souhaite partager des r\u00e9alisations effectu\u00e9es aupr\u00e8s de ses clients &#8211; partenaires. \u00a0D\u00e9couvrez notre book PT.W\" \/>\n<meta property=\"og:url\" content=\"https:\/\/positivetransformation.world\/index.php\/book\/\" \/>\n<meta property=\"og:site_name\" content=\"Positive Transformation .World\" \/>\n<meta property=\"article:modified_time\" content=\"2026-04-28T15:45:09+00:00\" \/>\n<meta property=\"og:image\" content=\"https:\/\/positivetransformation.world\/wp-content\/uploads\/2022\/05\/Image9.jpg\" \/>\n\t<meta property=\"og:image:width\" content=\"170\" \/>\n\t<meta property=\"og:image:height\" content=\"227\" \/>\n\t<meta property=\"og:image:type\" content=\"image\/jpeg\" \/>\n<meta name=\"twitter:card\" content=\"summary_large_image\" \/>\n<meta name=\"twitter:label1\" content=\"Dur\u00e9e de lecture estim\u00e9e\" \/>\n\t<meta name=\"twitter:data1\" content=\"1 minute\" \/>\n<script type=\"application\/ld+json\" class=\"yoast-schema-graph\">{\"@context\":\"https:\\\/\\\/schema.org\",\"@graph\":[{\"@type\":\"WebPage\",\"@id\":\"https:\\\/\\\/positivetransformation.world\\\/index.php\\\/book\\\/\",\"url\":\"https:\\\/\\\/positivetransformation.world\\\/index.php\\\/book\\\/\",\"name\":\"Book - Positive Transformation .World\",\"isPartOf\":{\"@id\":\"https:\\\/\\\/positivetransformation.world\\\/#website\"},\"primaryImageOfPage\":{\"@id\":\"https:\\\/\\\/positivetransformation.world\\\/index.php\\\/book\\\/#primaryimage\"},\"image\":{\"@id\":\"https:\\\/\\\/positivetransformation.world\\\/index.php\\\/book\\\/#primaryimage\"},\"thumbnailUrl\":\"https:\\\/\\\/positivetransformation.world\\\/wp-content\\\/uploads\\\/2022\\\/05\\\/Image9.jpg\",\"datePublished\":\"2026-04-28T15:36:54+00:00\",\"dateModified\":\"2026-04-28T15:45:09+00:00\",\"breadcrumb\":{\"@id\":\"https:\\\/\\\/positivetransformation.world\\\/index.php\\\/book\\\/#breadcrumb\"},\"inLanguage\":\"fr-FR\",\"potentialAction\":[{\"@type\":\"ReadAction\",\"target\":[\"https:\\\/\\\/positivetransformation.world\\\/index.php\\\/book\\\/\"]}]},{\"@type\":\"ImageObject\",\"inLanguage\":\"fr-FR\",\"@id\":\"https:\\\/\\\/positivetransformation.world\\\/index.php\\\/book\\\/#primaryimage\",\"url\":\"https:\\\/\\\/positivetransformation.world\\\/wp-content\\\/uploads\\\/2022\\\/05\\\/Image9.jpg\",\"contentUrl\":\"https:\\\/\\\/positivetransformation.world\\\/wp-content\\\/uploads\\\/2022\\\/05\\\/Image9.jpg\",\"width\":170,\"height\":227},{\"@type\":\"BreadcrumbList\",\"@id\":\"https:\\\/\\\/positivetransformation.world\\\/index.php\\\/book\\\/#breadcrumb\",\"itemListElement\":[{\"@type\":\"ListItem\",\"position\":1,\"name\":\"Home\",\"item\":\"https:\\\/\\\/positivetransformation.world\\\/\"},{\"@type\":\"ListItem\",\"position\":2,\"name\":\"Book\"}]},{\"@type\":\"WebSite\",\"@id\":\"https:\\\/\\\/positivetransformation.world\\\/#website\",\"url\":\"https:\\\/\\\/positivetransformation.world\\\/\",\"name\":\"Positive Transformation .World\",\"description\":\"D\u00e9veloppement durable\",\"publisher\":{\"@id\":\"https:\\\/\\\/positivetransformation.world\\\/#organization\"},\"potentialAction\":[{\"@type\":\"SearchAction\",\"target\":{\"@type\":\"EntryPoint\",\"urlTemplate\":\"https:\\\/\\\/positivetransformation.world\\\/?s={search_term_string}\"},\"query-input\":{\"@type\":\"PropertyValueSpecification\",\"valueRequired\":true,\"valueName\":\"search_term_string\"}}],\"inLanguage\":\"fr-FR\"},{\"@type\":\"Organization\",\"@id\":\"https:\\\/\\\/positivetransformation.world\\\/#organization\",\"name\":\"Positive Transformation .World\",\"url\":\"https:\\\/\\\/positivetransformation.world\\\/\",\"logo\":{\"@type\":\"ImageObject\",\"inLanguage\":\"fr-FR\",\"@id\":\"https:\\\/\\\/positivetransformation.world\\\/#\\\/schema\\\/logo\\\/image\\\/\",\"url\":\"https:\\\/\\\/positivetransformation.world\\\/wp-content\\\/uploads\\\/2022\\\/02\\\/ImageVF.png\",\"contentUrl\":\"https:\\\/\\\/positivetransformation.world\\\/wp-content\\\/uploads\\\/2022\\\/02\\\/ImageVF.png\",\"width\":170,\"height\":172,\"caption\":\"Positive Transformation .World\"},\"image\":{\"@id\":\"https:\\\/\\\/positivetransformation.world\\\/#\\\/schema\\\/logo\\\/image\\\/\"}}]}<\/script>\n<!-- \/ Yoast SEO plugin. -->","yoast_head_json":{"title":"Book - Positive Transformation .World","robots":{"index":"index","follow":"follow","max-snippet":"max-snippet:-1","max-image-preview":"max-image-preview:large","max-video-preview":"max-video-preview:-1"},"canonical":"https:\/\/positivetransformation.world\/index.php\/book\/","og_locale":"fr_FR","og_type":"article","og_title":"Book - Positive Transformation .World","og_description":"BOOK Positive Transformation .World souhaite partager des r\u00e9alisations effectu\u00e9es aupr\u00e8s de ses clients &#8211; partenaires. \u00a0D\u00e9couvrez notre book PT.W","og_url":"https:\/\/positivetransformation.world\/index.php\/book\/","og_site_name":"Positive Transformation .World","article_modified_time":"2026-04-28T15:45:09+00:00","og_image":[{"width":170,"height":227,"url":"https:\/\/positivetransformation.world\/wp-content\/uploads\/2022\/05\/Image9.jpg","type":"image\/jpeg"}],"twitter_card":"summary_large_image","twitter_misc":{"Dur\u00e9e de lecture estim\u00e9e":"1 minute"},"schema":{"@context":"https:\/\/schema.org","@graph":[{"@type":"WebPage","@id":"https:\/\/positivetransformation.world\/index.php\/book\/","url":"https:\/\/positivetransformation.world\/index.php\/book\/","name":"Book - Positive Transformation .World","isPartOf":{"@id":"https:\/\/positivetransformation.world\/#website"},"primaryImageOfPage":{"@id":"https:\/\/positivetransformation.world\/index.php\/book\/#primaryimage"},"image":{"@id":"https:\/\/positivetransformation.world\/index.php\/book\/#primaryimage"},"thumbnailUrl":"https:\/\/positivetransformation.world\/wp-content\/uploads\/2022\/05\/Image9.jpg","datePublished":"2026-04-28T15:36:54+00:00","dateModified":"2026-04-28T15:45:09+00:00","breadcrumb":{"@id":"https:\/\/positivetransformation.world\/index.php\/book\/#breadcrumb"},"inLanguage":"fr-FR","potentialAction":[{"@type":"ReadAction","target":["https:\/\/positivetransformation.world\/index.php\/book\/"]}]},{"@type":"ImageObject","inLanguage":"fr-FR","@id":"https:\/\/positivetransformation.world\/index.php\/book\/#primaryimage","url":"https:\/\/positivetransformation.world\/wp-content\/uploads\/2022\/05\/Image9.jpg","contentUrl":"https:\/\/positivetransformation.world\/wp-content\/uploads\/2022\/05\/Image9.jpg","width":170,"height":227},{"@type":"BreadcrumbList","@id":"https:\/\/positivetransformation.world\/index.php\/book\/#breadcrumb","itemListElement":[{"@type":"ListItem","position":1,"name":"Home","item":"https:\/\/positivetransformation.world\/"},{"@type":"ListItem","position":2,"name":"Book"}]},{"@type":"WebSite","@id":"https:\/\/positivetransformation.world\/#website","url":"https:\/\/positivetransformation.world\/","name":"Positive Transformation .World","description":"D\u00e9veloppement durable","publisher":{"@id":"https:\/\/positivetransformation.world\/#organization"},"potentialAction":[{"@type":"SearchAction","target":{"@type":"EntryPoint","urlTemplate":"https:\/\/positivetransformation.world\/?s={search_term_string}"},"query-input":{"@type":"PropertyValueSpecification","valueRequired":true,"valueName":"search_term_string"}}],"inLanguage":"fr-FR"},{"@type":"Organization","@id":"https:\/\/positivetransformation.world\/#organization","name":"Positive Transformation .World","url":"https:\/\/positivetransformation.world\/","logo":{"@type":"ImageObject","inLanguage":"fr-FR","@id":"https:\/\/positivetransformation.world\/#\/schema\/logo\/image\/","url":"https:\/\/positivetransformation.world\/wp-content\/uploads\/2022\/02\/ImageVF.png","contentUrl":"https:\/\/positivetransformation.world\/wp-content\/uploads\/2022\/02\/ImageVF.png","width":170,"height":172,"caption":"Positive Transformation .World"},"image":{"@id":"https:\/\/positivetransformation.world\/#\/schema\/logo\/image\/"}}]}},"jetpack_sharing_enabled":true,"_links":{"self":[{"href":"https:\/\/positivetransformation.world\/index.php\/wp-json\/wp\/v2\/pages\/3435","targetHints":{"allow":["GET"]}}],"collection":[{"href":"https:\/\/positivetransformation.world\/index.php\/wp-json\/wp\/v2\/pages"}],"about":[{"href":"https:\/\/positivetransformation.world\/index.php\/wp-json\/wp\/v2\/types\/page"}],"author":[{"embeddable":true,"href":"https:\/\/positivetransformation.world\/index.php\/wp-json\/wp\/v2\/users\/1"}],"replies":[{"embeddable":true,"href":"https:\/\/positivetransformation.world\/index.php\/wp-json\/wp\/v2\/comments?post=3435"}],"version-history":[{"count":0,"href":"https:\/\/positivetransformation.world\/index.php\/wp-json\/wp\/v2\/pages\/3435\/revisions"}],"wp:attachment":[{"href":"https:\/\/positivetransformation.world\/index.php\/wp-json\/wp\/v2\/media?parent=3435"}],"curies":[{"name":"wp","href":"https:\/\/api.w.org\/{rel}","templated":true}]}}