{"id":2391,"date":"2023-11-20T10:32:56","date_gmt":"2023-11-20T09:32:56","guid":{"rendered":"https:\/\/positivetransformation.world\/?page_id=2391"},"modified":"2025-09-17T17:07:14","modified_gmt":"2025-09-17T15:07:14","slug":"management-de-transition","status":"publish","type":"page","link":"https:\/\/positivetransformation.world\/index.php\/management-de-transition\/","title":{"rendered":"Management de transition"},"content":{"rendered":"\n<p class=\"has-medium-font-size\"><strong><mark style=\"background-color:#0693e3\" class=\"has-inline-color has-white-color\">MANAGEMENT DE TRANSITION<\/mark><\/strong><\/p>\n\n\n\n<p class=\"has-text-align-justify has-black-color has-text-color has-link-color wp-elements-87a2431991db2185d445841a74f61212\">Positive Transformation .World vous accompagne \u00e0 la <strong>mise en place d&rsquo;un \u00ab\u00a0Manager de Transition\u00a0\u00bb<\/strong> afin de vous proposer une expertise mobile au sein de votre structure.<\/p>\n\n\n\n<p class=\"has-text-align-center has-black-color has-text-color has-link-color wp-elements-ba627596e3518222590f3b6cd57cdbad\" style=\"font-size:17px\"><img decoding=\"async\" width=\"50\" height=\"79\" class=\"wp-image-917\" style=\"width: 50px;\" src=\"https:\/\/positivetransformation.world\/wp-content\/uploads\/2022\/05\/Image1.jpg\" alt=\"\" srcset=\"https:\/\/positivetransformation.world\/wp-content\/uploads\/2022\/05\/Image1.jpg 349w, https:\/\/positivetransformation.world\/wp-content\/uploads\/2022\/05\/Image1-189x300.jpg 189w\" sizes=\"(max-width: 50px) 100vw, 50px\" \/>Objectif : <strong>apporter rapidement des comp\u00e9tences RSE adapt\u00e9es aux besoins de votre organisation<\/strong>.<\/p>\n\n\n\n<p class=\"has-vivid-cyan-blue-color has-text-color has-link-color wp-elements-44873b80132f52a7c1d551d22011fb14\" style=\"font-size:20px\"><strong>=&gt; Fonctions assur\u00e9es<\/strong><\/p>\n\n\n\n<p class=\"has-text-align-justify has-black-color has-text-color has-link-color wp-elements-45fb015afe360fa9b9f408ca9a328d7f\">\u00ab\u00a0Dans un monde des affaires en constante mutation, les entreprises doivent <strong>faire preuve d\u2019agilit\u00e9 pour s\u2019adapter aux d\u00e9fis changeants du march\u00e9<\/strong>.\u00a0\u00bb Le Manager de Transition est autant Directeur D\u00e9veloppement Durable, Coordinateur de reportings, que Responsable des Transformations&nbsp;RSE.<\/p>\n\n\n\n<p class=\"has-black-color has-text-color has-link-color wp-elements-f84ad2df35ff06aee7f99f1acde08b8f\">PT.W propose ces types de fonction \u00e0 responsabilit\u00e9, afin d&rsquo;assurer les missions de transitions \u00e0 impact positif au sein de structures qui en ont besoin d&rsquo;\u00eatre \u00e9paul\u00e9es sur un temps pr\u00e9cis.<\/p>\n\n\n\n<p class=\"has-drop-cap has-vivid-cyan-blue-color has-text-color has-link-color wp-elements-41b53220e45c80a7df7dbdc6113274a1\" style=\"font-size:20px\"> <strong>Q Question : MANAGEMENT DE TRANSITION C&rsquo;EST QUOI ?<\/strong><\/p>\n\n\n\n<blockquote class=\"wp-block-quote is-layout-flow wp-block-quote-is-layout-flow\">\n<p class=\"has-text-align-justify has-black-color has-text-color has-link-color wp-elements-a0e50c3c76917c125866bab838ebba41\">Outil manag\u00e9rial innovant et performant, vous permet de <strong>faire appel pour une dur\u00e9e limit\u00e9e \u00e0 des ressources ponctuelles et des comp\u00e9tences op\u00e9rationnelles sp\u00e9cifiques <\/strong>dont votre entreprise ne dispose pas forc\u00e9ment en interne (ou en remplacement d\u2019un collaborateur absent) pour s\u00e9curiser la mise en \u0153uvre d\u2019un projet.<\/p>\n<\/blockquote>\n\n\n\n<div class=\"wp-block-cover\" style=\"min-height:191px;aspect-ratio:unset;\"><img fetchpriority=\"high\" decoding=\"async\" width=\"740\" height=\"493\" class=\"wp-block-cover__image-background wp-image-1688\" alt=\"\" src=\"https:\/\/positivetransformation.world\/wp-content\/uploads\/2022\/08\/businessman-male-lawyer-judge-consult-having-team-meeting-with-client_28283-252-image.png\" data-object-fit=\"cover\" srcset=\"https:\/\/positivetransformation.world\/wp-content\/uploads\/2022\/08\/businessman-male-lawyer-judge-consult-having-team-meeting-with-client_28283-252-image.png 740w, https:\/\/positivetransformation.world\/wp-content\/uploads\/2022\/08\/businessman-male-lawyer-judge-consult-having-team-meeting-with-client_28283-252-image-300x200.png 300w\" sizes=\"(max-width: 740px) 100vw, 740px\" \/><span aria-hidden=\"true\" class=\"wp-block-cover__background has-background-dim\"><\/span><div class=\"wp-block-cover__inner-container is-layout-flow wp-block-cover-is-layout-flow\">\n<p class=\"has-text-align-center has-large-font-size\">Management de transition <\/p>\n\n\n\n<p class=\"has-text-align-center has-large-font-size\">pour une croissance durable<\/p>\n<\/div><\/div>\n\n\n\n<p>\u2014<\/p>\n\n\n\n<p class=\"has-black-color has-text-color has-link-color wp-elements-f0ee3b800a26a45574adb52bb74f67c3\"><img decoding=\"async\" width=\"30\" height=\"40\" class=\"wp-image-869\" style=\"width: 30px;\" src=\"https:\/\/positivetransformation.world\/wp-content\/uploads\/2022\/05\/Image9.jpg\" alt=\"\"> Vous souhaitez&nbsp;<em><a href=\"https:\/\/positivetransformation.world\/index.php\/nous-joindre\/\"><span class=\"highlight\"><mark style=\"background-color:rgba(0, 0, 0, 0)\" class=\"has-inline-color has-vivid-cyan-blue-color\">nous joindre<\/mark><\/span><\/a><\/em><\/p>\n","protected":false},"excerpt":{"rendered":"<p>MANAGEMENT DE TRANSITION Positive Transformation .World vous accompagne \u00e0 la mise en place d&rsquo;un \u00ab\u00a0Manager de Transition\u00a0\u00bb afin de vous proposer une expertise mobile au&hellip;<\/p>\n","protected":false},"author":1,"featured_media":0,"parent":0,"menu_order":0,"comment_status":"closed","ping_status":"closed","template":"","meta":{"_themeisle_gutenberg_block_has_review":false,"footnotes":""},"class_list":["post-2391","page","type-page","status-publish","hentry"],"yoast_head":"<!-- This site is optimized with the Yoast SEO plugin v27.4 - https:\/\/yoast.com\/product\/yoast-seo-wordpress\/ -->\n<title>Management de transition - Positive Transformation .World<\/title>\n<meta name=\"robots\" content=\"index, follow, max-snippet:-1, max-image-preview:large, max-video-preview:-1\" \/>\n<link rel=\"canonical\" href=\"https:\/\/positivetransformation.world\/index.php\/management-de-transition\/\" \/>\n<meta property=\"og:locale\" content=\"fr_FR\" \/>\n<meta property=\"og:type\" content=\"article\" \/>\n<meta property=\"og:title\" content=\"Management de transition - Positive Transformation .World\" \/>\n<meta property=\"og:description\" content=\"MANAGEMENT DE TRANSITION Positive Transformation .World vous accompagne \u00e0 la mise en place d&rsquo;un \u00ab\u00a0Manager de Transition\u00a0\u00bb afin de vous proposer une expertise mobile au&hellip;\" \/>\n<meta property=\"og:url\" content=\"https:\/\/positivetransformation.world\/index.php\/management-de-transition\/\" \/>\n<meta property=\"og:site_name\" content=\"Positive Transformation .World\" \/>\n<meta property=\"article:modified_time\" content=\"2025-09-17T15:07:14+00:00\" \/>\n<meta property=\"og:image\" content=\"https:\/\/positivetransformation.world\/wp-content\/uploads\/2022\/05\/Image1.jpg\" \/>\n\t<meta property=\"og:image:width\" content=\"349\" \/>\n\t<meta property=\"og:image:height\" content=\"553\" \/>\n\t<meta property=\"og:image:type\" content=\"image\/jpeg\" \/>\n<meta name=\"twitter:card\" content=\"summary_large_image\" \/>\n<meta name=\"twitter:label1\" content=\"Dur\u00e9e de lecture estim\u00e9e\" \/>\n\t<meta name=\"twitter:data1\" content=\"2 minutes\" \/>\n<script type=\"application\/ld+json\" class=\"yoast-schema-graph\">{\"@context\":\"https:\\\/\\\/schema.org\",\"@graph\":[{\"@type\":\"WebPage\",\"@id\":\"https:\\\/\\\/positivetransformation.world\\\/index.php\\\/management-de-transition\\\/\",\"url\":\"https:\\\/\\\/positivetransformation.world\\\/index.php\\\/management-de-transition\\\/\",\"name\":\"Management de transition - Positive Transformation .World\",\"isPartOf\":{\"@id\":\"https:\\\/\\\/positivetransformation.world\\\/#website\"},\"primaryImageOfPage\":{\"@id\":\"https:\\\/\\\/positivetransformation.world\\\/index.php\\\/management-de-transition\\\/#primaryimage\"},\"image\":{\"@id\":\"https:\\\/\\\/positivetransformation.world\\\/index.php\\\/management-de-transition\\\/#primaryimage\"},\"thumbnailUrl\":\"https:\\\/\\\/positivetransformation.world\\\/wp-content\\\/uploads\\\/2022\\\/05\\\/Image1.jpg\",\"datePublished\":\"2023-11-20T09:32:56+00:00\",\"dateModified\":\"2025-09-17T15:07:14+00:00\",\"breadcrumb\":{\"@id\":\"https:\\\/\\\/positivetransformation.world\\\/index.php\\\/management-de-transition\\\/#breadcrumb\"},\"inLanguage\":\"fr-FR\",\"potentialAction\":[{\"@type\":\"ReadAction\",\"target\":[\"https:\\\/\\\/positivetransformation.world\\\/index.php\\\/management-de-transition\\\/\"]}]},{\"@type\":\"ImageObject\",\"inLanguage\":\"fr-FR\",\"@id\":\"https:\\\/\\\/positivetransformation.world\\\/index.php\\\/management-de-transition\\\/#primaryimage\",\"url\":\"https:\\\/\\\/positivetransformation.world\\\/wp-content\\\/uploads\\\/2022\\\/05\\\/Image1.jpg\",\"contentUrl\":\"https:\\\/\\\/positivetransformation.world\\\/wp-content\\\/uploads\\\/2022\\\/05\\\/Image1.jpg\",\"width\":349,\"height\":553},{\"@type\":\"BreadcrumbList\",\"@id\":\"https:\\\/\\\/positivetransformation.world\\\/index.php\\\/management-de-transition\\\/#breadcrumb\",\"itemListElement\":[{\"@type\":\"ListItem\",\"position\":1,\"name\":\"Home\",\"item\":\"https:\\\/\\\/positivetransformation.world\\\/\"},{\"@type\":\"ListItem\",\"position\":2,\"name\":\"Management de transition\"}]},{\"@type\":\"WebSite\",\"@id\":\"https:\\\/\\\/positivetransformation.world\\\/#website\",\"url\":\"https:\\\/\\\/positivetransformation.world\\\/\",\"name\":\"Positive Transformation .World\",\"description\":\"D\u00e9veloppement durable\",\"publisher\":{\"@id\":\"https:\\\/\\\/positivetransformation.world\\\/#organization\"},\"potentialAction\":[{\"@type\":\"SearchAction\",\"target\":{\"@type\":\"EntryPoint\",\"urlTemplate\":\"https:\\\/\\\/positivetransformation.world\\\/?s={search_term_string}\"},\"query-input\":{\"@type\":\"PropertyValueSpecification\",\"valueRequired\":true,\"valueName\":\"search_term_string\"}}],\"inLanguage\":\"fr-FR\"},{\"@type\":\"Organization\",\"@id\":\"https:\\\/\\\/positivetransformation.world\\\/#organization\",\"name\":\"Positive Transformation .World\",\"url\":\"https:\\\/\\\/positivetransformation.world\\\/\",\"logo\":{\"@type\":\"ImageObject\",\"inLanguage\":\"fr-FR\",\"@id\":\"https:\\\/\\\/positivetransformation.world\\\/#\\\/schema\\\/logo\\\/image\\\/\",\"url\":\"https:\\\/\\\/positivetransformation.world\\\/wp-content\\\/uploads\\\/2022\\\/02\\\/ImageVF.png\",\"contentUrl\":\"https:\\\/\\\/positivetransformation.world\\\/wp-content\\\/uploads\\\/2022\\\/02\\\/ImageVF.png\",\"width\":170,\"height\":172,\"caption\":\"Positive Transformation .World\"},\"image\":{\"@id\":\"https:\\\/\\\/positivetransformation.world\\\/#\\\/schema\\\/logo\\\/image\\\/\"}}]}<\/script>\n<!-- \/ Yoast SEO plugin. -->","yoast_head_json":{"title":"Management de transition - Positive Transformation .World","robots":{"index":"index","follow":"follow","max-snippet":"max-snippet:-1","max-image-preview":"max-image-preview:large","max-video-preview":"max-video-preview:-1"},"canonical":"https:\/\/positivetransformation.world\/index.php\/management-de-transition\/","og_locale":"fr_FR","og_type":"article","og_title":"Management de transition - Positive Transformation .World","og_description":"MANAGEMENT DE TRANSITION Positive Transformation .World vous accompagne \u00e0 la mise en place d&rsquo;un \u00ab\u00a0Manager de Transition\u00a0\u00bb afin de vous proposer une expertise mobile au&hellip;","og_url":"https:\/\/positivetransformation.world\/index.php\/management-de-transition\/","og_site_name":"Positive Transformation .World","article_modified_time":"2025-09-17T15:07:14+00:00","og_image":[{"width":349,"height":553,"url":"https:\/\/positivetransformation.world\/wp-content\/uploads\/2022\/05\/Image1.jpg","type":"image\/jpeg"}],"twitter_card":"summary_large_image","twitter_misc":{"Dur\u00e9e de lecture estim\u00e9e":"2 minutes"},"schema":{"@context":"https:\/\/schema.org","@graph":[{"@type":"WebPage","@id":"https:\/\/positivetransformation.world\/index.php\/management-de-transition\/","url":"https:\/\/positivetransformation.world\/index.php\/management-de-transition\/","name":"Management de transition - Positive Transformation .World","isPartOf":{"@id":"https:\/\/positivetransformation.world\/#website"},"primaryImageOfPage":{"@id":"https:\/\/positivetransformation.world\/index.php\/management-de-transition\/#primaryimage"},"image":{"@id":"https:\/\/positivetransformation.world\/index.php\/management-de-transition\/#primaryimage"},"thumbnailUrl":"https:\/\/positivetransformation.world\/wp-content\/uploads\/2022\/05\/Image1.jpg","datePublished":"2023-11-20T09:32:56+00:00","dateModified":"2025-09-17T15:07:14+00:00","breadcrumb":{"@id":"https:\/\/positivetransformation.world\/index.php\/management-de-transition\/#breadcrumb"},"inLanguage":"fr-FR","potentialAction":[{"@type":"ReadAction","target":["https:\/\/positivetransformation.world\/index.php\/management-de-transition\/"]}]},{"@type":"ImageObject","inLanguage":"fr-FR","@id":"https:\/\/positivetransformation.world\/index.php\/management-de-transition\/#primaryimage","url":"https:\/\/positivetransformation.world\/wp-content\/uploads\/2022\/05\/Image1.jpg","contentUrl":"https:\/\/positivetransformation.world\/wp-content\/uploads\/2022\/05\/Image1.jpg","width":349,"height":553},{"@type":"BreadcrumbList","@id":"https:\/\/positivetransformation.world\/index.php\/management-de-transition\/#breadcrumb","itemListElement":[{"@type":"ListItem","position":1,"name":"Home","item":"https:\/\/positivetransformation.world\/"},{"@type":"ListItem","position":2,"name":"Management de transition"}]},{"@type":"WebSite","@id":"https:\/\/positivetransformation.world\/#website","url":"https:\/\/positivetransformation.world\/","name":"Positive Transformation .World","description":"D\u00e9veloppement durable","publisher":{"@id":"https:\/\/positivetransformation.world\/#organization"},"potentialAction":[{"@type":"SearchAction","target":{"@type":"EntryPoint","urlTemplate":"https:\/\/positivetransformation.world\/?s={search_term_string}"},"query-input":{"@type":"PropertyValueSpecification","valueRequired":true,"valueName":"search_term_string"}}],"inLanguage":"fr-FR"},{"@type":"Organization","@id":"https:\/\/positivetransformation.world\/#organization","name":"Positive Transformation .World","url":"https:\/\/positivetransformation.world\/","logo":{"@type":"ImageObject","inLanguage":"fr-FR","@id":"https:\/\/positivetransformation.world\/#\/schema\/logo\/image\/","url":"https:\/\/positivetransformation.world\/wp-content\/uploads\/2022\/02\/ImageVF.png","contentUrl":"https:\/\/positivetransformation.world\/wp-content\/uploads\/2022\/02\/ImageVF.png","width":170,"height":172,"caption":"Positive Transformation .World"},"image":{"@id":"https:\/\/positivetransformation.world\/#\/schema\/logo\/image\/"}}]}},"jetpack_sharing_enabled":true,"_links":{"self":[{"href":"https:\/\/positivetransformation.world\/index.php\/wp-json\/wp\/v2\/pages\/2391","targetHints":{"allow":["GET"]}}],"collection":[{"href":"https:\/\/positivetransformation.world\/index.php\/wp-json\/wp\/v2\/pages"}],"about":[{"href":"https:\/\/positivetransformation.world\/index.php\/wp-json\/wp\/v2\/types\/page"}],"author":[{"embeddable":true,"href":"https:\/\/positivetransformation.world\/index.php\/wp-json\/wp\/v2\/users\/1"}],"replies":[{"embeddable":true,"href":"https:\/\/positivetransformation.world\/index.php\/wp-json\/wp\/v2\/comments?post=2391"}],"version-history":[{"count":0,"href":"https:\/\/positivetransformation.world\/index.php\/wp-json\/wp\/v2\/pages\/2391\/revisions"}],"wp:attachment":[{"href":"https:\/\/positivetransformation.world\/index.php\/wp-json\/wp\/v2\/media?parent=2391"}],"curies":[{"name":"wp","href":"https:\/\/api.w.org\/{rel}","templated":true}]}}